er?
True
Is 5623 prime?
True
Is 24065 prime?
False
Is 4181 prime?
False
Is 33203 a prime number?
True
Is 21401 prime?
True
Is 4765709 a prime number?
False
Is 160663 a composite number?
False
Is 46082 a composite number?
True
Is 84046 prime?
False
Is 162611 a prime number?
True
Is 30881 prime?
True
Is 34793 prime?
False
Is 645209 a prime number?
False
Is 843459 a composite number?
True
Is 97 a composite number?
False
Is 8617 composite?
True
Is 67763 a composite number?
False
Is 339635 a prime number?
False
Is 31781 composite?
True
Is 161 prime?
False
Is 1927 a prime number?
False
Is 2623847 a prime number?
True
Is 177257 a prime number?
True
Is 1305323 a composite number?
True
Is 1284133 composite?
True
Is 367853 a prime number?
True
Is 119 a prime number?
False
Is 240637 composite?
True
Is 22259 prime?
True
Is 695957 a composite number?
True
Is 184309 prime?
True
Is 3011 composite?
False
Is 677 prime?
True
Is 7715 composite?
True
Is 1017953 composite?
False
Is 36293 a composite number?
False
Is 8929 a composite number?
False
Is 102847 prime?
False
Is 212791 composite?
False
Is 348527 composite?
False
Is 19121 a composite number?
False
Is 1047647 composite?
False
Is 123949 prime?
False
Is 81407 a composite number?
True
Is 3967 a prime number?
True
Is 551 composite?
True
Is 26527 a composite number?
True
Is 83537 a composite number?
False
Is 654635 prime?
False
Is 37279 a prime number?
False
Is 123593 prime?
True
Is 221873 prime?
True
Is 8663 a composite number?
False
Is 51923 a prime number?
False
Is 87847 a composite number?
True
Is 25022 prime?
False
Is 1684282 a prime number?
False
Is 494507 prime?
False
Is 3037 composite?
False
Is 60859 composite?
False
Is 373561 composite?
False
Is 209167 prime?
False
Is 76507 a composite number?
False
Is 10589 a prime number?
True
Is 171007 prime?
True
Is 11003 composite?
False
Is 291869 composite?
False
Is 267635 prime?
False
Is 203063 composite?
True
Is 83101 prime?
True
Is 12367 a prime number?
False
Is 52873 prime?
False
Is 336779 composite?
True
Is 24491 composite?
True
Is 118153 composite?
True
Is 340169 a composite number?
False
Is 44207 composite?
False
Is 99173 a composite number?
False
Is 80623 composite?
True
Is 187813 composite?
True
Is 1167 a composite number?
True
Is 679757 a composite number?
True
Is 339197 prime?
False
Is 134107 prime?
False
Is 1055195 a prime number?
False
Is 56611 a prime number?
True
Is 73655 a prime number?
False
Is 14939 composite?
False
Is 6197 prime?
True
Is 44027 a composite number?
False
Is 9360463 composite?
True
Is 1096333 a prime number?
False
Is 441933 composite?
True
Is 4637 a composite number?
False
Is 15571 prime?
False
Is 479001 composite?
True
Is 50707 prime?
True
Is 22309 prime?
False
Is 48179 prime?
True
Is 378583 a prime number?
True
Is 505213 composite?
False
Is 82757 prime?
True
Is 39581 a prime number?
True
Is 124921 a composite number?
True
Is 8605 composite?
True
Is 1051585 a prime number?
False
Is 1206591 a composite number?
True
Is 386813 composite?
True
Is 96931 a prime number?
True
Is 157649 composite?
False
Is 93739 composite?
False
Is 486635 a composite number?
True
Is 260933 prime?
False
Is 20671 a composite number?
True
Is 42899 a composite number?
False
Is 554011 prime?
True
Is 13539 a composite number?
True
Is 8263 a prime number?
True
Is 22541 prime?
True
Is 25378 a prime number?
False
Is 14519 a prime number?
True
Is 61003 prime?
False
Is 51851 a composite number?
True
Is 6287 composite?
False
Is 815 a prime number?
False
Is 485 a prime number?
False
Is 993 composite?
True
Is 26141 a prime number?
True
Is 6117 prime?
False
Is 47711 a prime number?
True
Is 115917 composite?
True
Is 412123 prime?
True
Is 597 prime?
False
Is 152617 a prime number?
True
Is 7451 a composite number?
False
Is 1390299 a composite number?
True
Is 9518 prime?
False
Is 32101 prime?
False
Is 67153 composite?
False
Is 698183 a prime number?
True
Is 8713 composite?
False
Is 72191 a composite number?
True
Is 5509 a composite number?
True
Is 43823 prime?
False
Is 55127 a composite number?
False
Is 633 composite?
True
Is 10183 prime?
False
Is 34003 a composite number?
True
Is 5891 prime?
False
Is 820419 a composite number?
True
Is 5897 composite?
False
Is 10289 a prime number?
True
Is 691 a composite number?
False
Is 52519 a composite number?
True
Is 2374 prime?
False
Is 983 composite?
False
Is 11197 composite?
False
Is 9103 a composite number?
False
Is 13099 composite?
False
Is 8147 prime?
True
Is 16439 a prime number?
False
Is 479 prime?
True
Is 485461 a prime number?
False
Is 614971 a composite number?
True
Is 20623 composite?
True
Is 10673 composite?
True
Is 98701 composite?
True
Is 42131 composite?
False
Is 66743 prime?
False
Is 11863 a prime number?
True
Is 28895 a composite number?
True
Is 423977 composite?
False
Is 10021 composite?
True
Is 895127 a composite number?
False
Is 129887 prime?
True
Is 499 composite?
False
Is 3807983 prime?
False
Is 72019 a composite number?
False
Is 167711 prime?
True
Is 9587 composite?
False
Is 31861 composite?
True
Is 1043453 composite?
False
Is 1439 prime?
True
Is 43367 a prime number?
False
Is 5077 a composite number?
False
Is 702077 prime?
True
Is 14369 composite?
False
Is 906809 a prime number?
True
Is 16969 a composite number?
True
Is 4673 a prime number?
True
Is 25979 a prime number?
False
Is 17569 composite?
False
Is 388763 prime?
False
Is 5361 a composite number?
True
Is 12277 composite?
False
Is 15299 a prime number?
True
Is 1124831 prime?
True
Is 19243 a composite number?
True
Is 1142913 a composite number?
True
Is 7993 composite?
False
Is 31957 a composite number?
False
Is 71527 prime?
True
Is 22109 a prime number?
True
Is 85321 prime?
False
Is 56417 a prime number?
True
Is 833363 a composite number?
False
Is 4391 a prime number?
True
Is 1190201 a composite number?
False
Is 91505 a prime number?
False
Is 13193 a composite number?
True
Is 993917 a composite number?
True
Is 1969 composite?
True
Is 158359 a composite number?
False
Is 503531 a composite number?
True
Is 200117 prime?
True
Is 777269 a composite number?
False
Is 5147 composite?
False
Is 4909 a composite number?
False
Is 23719 prime?
True
Is 1619 composite?
False
Is 23137 prime?
False
Is 65165 prime?
False
Is 1669 prime?
True
Is 540707 prime?
False
Is 2321 prime?
False
Is 8921 a prime number?
False
Is 13823 a composite number?
True
Is 120489 a composite number?
True
Is 367 a prime number?
True
Is 3863 composite?
False
Is 1858 a prime number?
False
Is 22123 a composite number?
False
Is 155959 prime?
False
Is 222659 composite?
False
Is 95429 a composite number?
False
Is 6995 composite?
True
Is 28879 prime?
True
Is 94873 composite?
False
Is 260297 a prime number?
False
Is 2117 a composite number?
True
Is 11579 composite?
False
Is 45473 prime?
False
Is 791251 a prime number?
True
Is 55847 a prime number?
False
Is 95 a prime number?
False
Is 216983 composite?
True
Is 40813 a prime number?
True
Is 32117 a prime number?
True
Is 767 composite?
True
Is 500299 composite?
False
Is 246769 a composite number?
False
Is 21433 prime?
True
Is 1007933 a composite number?
False
Is 3723889 a prime number?
False
Is 5293 a composite number?
True
Is 10157 a prime number?
False
Is 24751 a composite number?
True
Is 900781 a prime number?
False
Is 164479 a prime number?
False
Is 3202 a composite number?
True
Is 8653 prime?
False
Is 6947 composite?
False
Is 1693 a prime number?
True
Is 12199 a composite number?
True
Is 71465 composite?
True
Is 12333 prime?
False
Is 6143 a prime number?
True
Is 74723 composite?
True
Is 415994 prime?
False
Is 3521113 composite?
False
Is 983338 prime?
False
Is 541 prime?
True
Is 1355 composite?
True
Is 77177 prime?
False
Is 59921 a prime number?
True
Is 41443 a prime number?
True
Is 21961 prime?
True
Is 3593 composite?
False
Is 209663 composite?
True
Is 742345 composite?
True
Is 993527 a prime number?
True
Is 147337 a prime number?
False
Is 655679 prime?
False
Is 840077 prime?
False
Is 86107 composite?
True
Is 7069 composite?
False
Is 39145 composite?
True
Is 20593 a composite number?
False
Is 57571 prime?
True
Is 145117 composite?
True
Is 123059 composite?
False
Is 47249 a composite number?
True
Is 1254833 prime?
True
Is 50621 a composite number?
Tru